t f(n) = n. Let z(a) = 6*a**3 + 7*a**2 - 3*a - 6. Let y(o) = -3*f(o) + z(o). List the prime factors of y(5).
7, 127
Let h be -1 - (10/(-14) + 12/(-42)). Suppose h = 22*i - 16*i - 9468. What are the prime factors of i?
2, 3, 263
Let p = -4765 + 5131. Let a be (1/(-2))/((-1)/6). Suppose m + 2*m = -2*w + 224, 3*m + p = a*w. What are the prime factors of w?
2, 59
Suppose l = 3*g + 18870, -15*l - 8*g + 18947 = -14*l. List the prime factors of l.
3, 2099
Let l be 13/3 + 2/3. Let z(b) = b**3 + 8*b**2 - 9*b + 6. Let x be z(l). Suppose -2*w + x = 3*w + 2*d, d + 221 = 4*w. List the prime factors of w.
2, 7
Let a = 32252 - 16674. What are the prime factors of a?
2, 7789
Let y(i) be the first derivative of 95*i**2/2 + 11*i - 63. List the prime factors of y(6).
7, 83
Let l(q) = 144*q**2 + 14*q + 130. List the prime factors of l(-7).
2, 443
Let x = -115 + -18. Let z = 97 - x. Let c = 328 - z. List the prime factors of c.
2, 7
Let o be (2/5)/((-7)/(-1 - 34)). Suppose 4*j - j + 30 = o*y, -5*y - 2*j + 37 = 0. Let a(x) = 6*x - 3. List the prime factors of a(y).
3, 17
Suppose 676385 + 235309 = 49*f. What are the prime factors of f?
2, 3, 7, 443
Suppose 1972 = 14*l - 3810. Suppose 0 = 5*v - 4*v + 5*d - l, -2*v - 2*d + 818 = 0. What are the prime factors of v?
2, 3, 17
Suppose -93342 = -3*s + 165*r - 170*r, -s - 5*r = -31114. What are the prime factors of s?
2, 47, 331
Let a = 97737 - 64641. List the prime factors of a.
2, 3, 7, 197
Let j be 39/(-65) + (-26)/10*-1. Suppose v = -j*t - 0*v + 22, -20 = -2*t - 2*v. Let m(i) = 2*i**2 - 18*i + 9. List the prime factors of m(t).
3
Suppose 4*z = 5*t + 120915, 2*z + 5*t - 90949 = -30484. List the prime factors of (z/7)/5 - 4/(-14).
2, 3
Let f(g) = g. Suppose 5*d - 6*d - 3*a = -10, 2*d - 3*a = -7. Let s be f(d). List the prime factors of s/(2/(-23))*-2.
23
Let v = 21535 + -3132. What are the prime factors of v?
7, 11, 239
Let s be (-30)/(-3)*(-2)/(-4). Suppose 0 = 2*j - s*m - 459, 5*j - 2*m + 858 = 9*j. What are the prime factors of j?
7, 31
Let p be -1*3 + -19 + (-5 - -5). Let x = p - -35. What are the prime factors of x?
13
Let u(g) = 183*g - 8. Let l = 169 + -168. What are the prime factors of u(l)?
5, 7
Let w be -4 - (9183/(-15) + 4/(-5)). Suppose 7*q - 231 - w = 0. What are the prime factors of q?
2, 3, 5
Let v(o) = -o**3 - 12*o**2 - 65*o - 1220. List the prime factors of v(-27).
2, 5, 31, 37
Suppose -33 = 4*j - 5. Let f(k) = k**3 + 9*k**2 + 7*k - 6. Let g be f(j). Suppose 0 = g*n - 47*n + 1120. What are the prime factors of n?
2, 5, 7
Suppose 3*k = -c + 26556, -c - 26556 = 145*k - 148*k. List the prime factors of k.
2, 2213
Suppose -3*r + 345 = -4*j - 638, 5*r - 509 = 2*j. Let z = -748 + 1230. Let a = z + j. List the prime factors of a.
2, 3, 5
Let j be (-15)/(-2)*32/48. Suppose n + 34 = -d - 2, -d = -j*n + 6. Let y = d + 101. List the prime factors of y.
2, 5, 7
Let o = 11581 + 281. List the prime factors of o.
2, 3, 659
Let z(w) = 659*w**2 + 5*w + 36. Let t be z(-7). What are the prime factors of -1 + 9/6 - t/(-24)?
2, 673
Let i be -44*((-4)/14 - (-4194)/(-21)). Suppose -17*f = -i + 2884. List the prime factors of f.
2, 3, 29
Let c be -4*(-5)/60*(-6 - 3). What are the prime factors of (0 + 86)*10*c/(-6)?
2, 5, 43
Let j(u) = -2421*u - 8720. What are the prime factors of j(-6)?
2, 2903
Suppose -3*i + 5*i = -33*i + 998410. What are the prime factors of i?
2, 17, 839
Suppose -4*m - 4*z = -8, 5*m = -3*z + 5*z + 24. Suppose 105*h = 120*h - 60. Suppose p - 2*p = m*b - 99, 5*p + 129 = h*b. What are the prime factors of b?
2, 13
Let d(r) = -r**3 - 9*r**2 - 12*r + 16. Let y be d(-7). What are the prime factors of (-1 + -4 - -2) + 593 - y?
2, 3, 7
Let n = 56748 + -38654. What are the prime factors of n?
2, 83, 109
Let z(y) = -10 - 2*y + y**2 - 3*y + 4*y. Suppose -250 = -2116*j + 2091*j. List the prime factors of z(j).
2, 5
List the prime factors of 25/2*((-45)/(-10) + (-18492)/(-40)).
3, 5, 389
Let w = -410 - -443. Let k be (15 - 0)*1/3. Let p = w - k. List the prime factors of p.
2, 7
Let a(g) = g**2 + 38*g + 42. Let k be a(-37). Suppose k*m - 300 = -0*m + 5*q, -3*q = m - 80. List the prime factors of m.
5, 13
Let y be (-69)/(-21) - (-3)/((-21)/2). Suppose -y*b = 6, 20*b = -4*q + 17*b + 782. What are the prime factors of q?
197
Let m(o) = -3*o + 1. Let v(q) = -2*q**2 - 78*q - 83. Let s(j) = -5*m(j) + v(j). List the prime factors of s(-30).
2
Suppose 4*i + 73 + 35 = h, 3*h - 296 = 5*i. Suppose -2772 = -h*d + 86*d. What are the prime factors of d?
2, 3, 7, 11
List the prime factors of -49 + 60 - (-10945 - -5).
47, 233
Let g = -383 + 386. Suppose 2*m - 39 = -3*q + 1, -g*m - 4*q = -59. What are the prime factors of m?
17
Suppose 0 = 2*w + 3*v - 5202 - 15956, -2*v + 21158 = 2*w. What are the prime factors of w?
71, 149
Let t(q) be the first derivative of -7*q**5/120 - 17*q**4/24 + 20*q**3/3 + 11. Let n(j) be the third derivative of t(j). List the prime factors of n(-21).
2, 5, 13
Let n = -25 - -22. Let t(s) = -8*s - 7. Let a(q) = 56*q + 48. Let u(d) = n*a(d) - 20*t(d). List the prime factors of u(-5).
2, 3
Let h(r) = 302*r**2 + 208*r - 3216. List the prime factors of h(15).
2, 3, 43, 263
Suppose -378 = 377*r - 383*r. Suppose -60*p - 1953 = -r*p. List the prime factors of p.
3, 7, 31
Let b be 74 - (7 + -5 + -6). Suppose 4*i = 7*i + g + 45, -26 = 2*i + 2*g. Let f = b - i. What are the prime factors of f?
2, 47
Suppose 175*g = -2*m + 179*g + 54396, -5*m + 135996 = -4*g. List the prime factors of m.
2, 5, 17
Let z(p) = p**3 - 15*p**2 + 13*p + 25. Let a be z(14). Let r(c) = 15*c - 68. List the prime factors of r(a).
97
Let n = -14 - -14. Suppose -5*l - 6*l + 33 = n. List the prime factors of 4*l/6 - -15.
17
Suppose -4*q = v + 1421, 3*q - 17*v + 19*v = -1067. Let y = 1353 + q. What are the prime factors of y?
2, 499
Suppose -g - 2*j + 8 = 0, -2*g - 22 = -6*g + 2*j. Let m(p) = -9*p + 20 - 4*p**2 + 5*p**3 - 6*p**3 - g*p**2. List the prime factors of m(-9).
2, 5
Suppose -5*r - 35 - 45 = 5*l, 0 = -3*r - l - 50. Let o = 192 + r. What are the prime factors of o?
5, 7
Suppose 2*y = -4*v - 6 - 2, 3*y = -3*v - 24. Let g = y + 116. What are the prime factors of g?
2, 13
Let c be 2*(-5)/35*-14. Suppose -c*v = -b - 449, 4*v + 2*b = 59 + 375. List the prime factors of v.
3, 37
Let a = 53 + -53. Suppose -2*o - 152 = -l, a = o - 0 + 2. Suppose -4*f - f = -15, -l = -q - f. What are the prime factors of q?
5, 29
Let f = 828 + -1464. Let i = f - -749. What are the prime factors of i?
113
Let b(v) = -294 + 583 + v + v**2 - 328. List the prime factors of b(-31).
3, 11
Let q be 4 + -6 + (1 + 446 - 2). Suppose 2*x = -2*c + 666, 3*x - q = -c - 116. What are the prime factors of c?
2, 3, 7
Let a(f) = 8*f**2 - 13*f - 5. Let c be a(6). Let x = c + -114. What are the prime factors of x?
7, 13
Let m(y) = y**2 + 18*y + 2. Let s be m(-13). Let k be 2943/s + 6/(-21). Let p = 49 + k. What are the prime factors of p?
2
Suppose 4*f - 140 = -28. What are the prime factors of f/70 + 2859/15?
191
Suppose 11*f = 7*f + 272. Suppose -4*v - f = -g - 0*g, 255 = 5*g - 3*v. List the prime factors of g/12*(-1)/8*-26.
13
Let s = -113 - -209. Let w = s - 48. Suppose 0 = -4*p + 3*a + w + 144, 0 = 3*a. List the prime factors of p.
2, 3
Let b = 9 - 7. Suppose 0 = 2*l - 0*d + b*d - 6, -5*d - 10 = 0. Suppose -4*f = -3*j - 378, -5*f + 467 = l*j - 23. What are the prime factors of f?
2, 3
Let n(k) = -291*k - 688. List the prime factors of n(-88).
2, 5, 7, 89
Let g(q) = -125*q + 17. Let v be g(10). Let f = v - -2439. What are the prime factors of f?
2, 3, 67
Suppose -128 = -2*r - 3*q, -2*r = r + 2*q - 197. Suppose 0 = r*p - 65*p - 178. List the prime factors of p.
89
Let y(k) = k**3 - 6*k**2 + k - 13. Let w = -104 + 112. List the prime factors of y(w).
3, 41
Suppose -66*b + 95330 + 774074 = -100070. What are the prime factors of b?
37, 397
Let w(q) = 3575*q - 2802. What are the prime factors of w(12)?
2, 3, 41, 163
Suppose 4*d - 2*u - 6 = 0, d - 3*u - 24 = -15. Let g(a) = 2*a**2 + a + 701. What are the prime factors of g(d)?
701
Suppose m - 26 = -30. List the prime factors of (-3*4)/m*2350/6.
5, 47
Suppose 4*t = -5*a + 12859, 4*t + a - 8495 - 4368 = 0. Suppose 0 = 16*q - 22*q + t. Suppose -11*d = -7*d - q. What are the prime factors of d?
2, 67
Let m(z) = -z + 4. Let w be m(-5). Suppos